 factors of 2242?
2, 19, 59
What are the prime factors of 16244?
2, 31, 131
List the prime factors of 2401.
7
What are the prime factors of 63614?
2, 17, 1871
List the prime factors of 430.
2, 5, 43
List the prime factors of 61572.
2, 3, 7, 733
List the prime factors of 40139.
11, 41, 89
What are the prime factors of 33183?
3, 1229
What are the prime factors of 900?
2, 3, 5
What are the prime factors of 21166?
2, 19, 557
What are the prime factors of 894?
2, 3, 149
List the prime factors of 16348.
2, 61, 67
List the prime factors of 9853.
59, 167
List the prime factors of 24363.
3, 2707
What are the prime factors of 40610?
2, 5, 31, 131
What are the prime factors of 1355?
5, 271
List the prime factors of 18447.
3, 11, 13, 43
List the prime factors of 21858.
2, 3, 3643
What are the prime factors of 2544?
2, 3, 53
List the prime factors of 156.
2, 3, 13
List the prime factors of 2449.
31, 79
What are the prime factors of 20284?
2, 11, 461
List the prime factors of 383.
383
List the prime factors of 43453.
19, 2287
List the prime factors of 21761.
47, 463
What are the prime factors of 147074?
2, 151, 487
List the prime factors of 136.
2, 17
List the prime factors of 481.
13, 37
What are the prime factors of 22156?
2, 29, 191
List the prime factors of 5221.
23, 227
What are the prime factors of 8720?
2, 5, 109
What are the prime factors of 967?
967
What are the prime factors of 57538?
2, 13, 2213
List the prime factors of 13737.
3, 19, 241
What are the prime factors of 33033?
3, 7, 11, 13
List the prime factors of 66986.
2, 33493
List the prime factors of 88246.
2, 44123
List the prime factors of 2975.
5, 7, 17
What are the prime factors of 17062?
2, 19, 449
What are the prime factors of 64?
2
What are the prime factors of 6422?
2, 13, 19
List the prime factors of 1685.
5, 337
What are the prime factors of 1325?
5, 53
What are the prime factors of 4665?
3, 5, 311
What are the prime factors of 141?
3, 47
What are the prime factors of 17298?
2, 3, 31
What are the prime factors of 860?
2, 5, 43
What are the prime factors of 4378?
2, 11, 199
What are the prime factors of 78209?
197, 397
What are the prime factors of 2180?
2, 5, 109
List the prime factors of 30164.
2, 7541
List the prime factors of 28082.
2, 19, 739
List the prime factors of 811.
811
What are the prime factors of 25061?
19, 1319
List the prime factors of 158951.
13, 12227
List the prime factors of 1421.
7, 29
What are the prime factors of 2587?
13, 199
List the prime factors of 14784.
2, 3, 7, 11
List the prime factors of 15228.
2, 3, 47
What are the prime factors of 1125?
3, 5
What are the prime factors of 721?
7, 103
What are the prime factors of 6040?
2, 5, 151
What are the prime factors of 6397?
6397
What are the prime factors of 90024?
2, 3, 11, 31
What are the prime factors of 23214?
2, 3, 53, 73
What are the prime factors of 646?
2, 17, 19
What are the prime factors of 620?
2, 5, 31
What are the prime factors of 220?
2, 5, 11
What are the prime factors of 37990?
2, 5, 29, 131
What are the prime factors of 4609?
11, 419
What are the prime factors of 5016?
2, 3, 11, 19
List the prime factors of 2106.
2, 3, 13
What are the prime factors of 37123?
37123
List the prime factors of 400.
2, 5
What are the prime factors of 524?
2, 131
What are the prime factors of 1733?
1733
What are the prime factors of 1028?
2, 257
What are the prime factors of 495?
3, 5, 11
What are the prime factors of 20972?
2, 7, 107
List the prime factors of 4181.
37, 113
List the prime factors of 6881.
7, 983
List the prime factors of 10897.
17, 641
List the prime factors of 60.
2, 3, 5
What are the prime factors of 25608?
2, 3, 11, 97
List the prime factors of 1779.
3, 593
What are the prime factors of 1740?
2, 3, 5, 29
What are the prime factors of 748?
2, 11, 17
What are the prime factors of 905?
5, 181
What are the prime factors of 4004?
2, 7, 11, 13
List the prime factors of 18574.
2, 37, 251
What are the prime factors of 1614?
2, 3, 269
What are the prime factors of 1185?
3, 5, 79
What are the prime factors of 20?
2, 5
What are the prime factors of 62006?
2, 7, 43, 103
What are the prime factors of 17747?
17747
What are the prime factors of 68733?
3, 7, 1091
What are the prime factors of 13404?
2, 3, 1117
List the prime factors of 479.
479
What are the prime factors of 984?
2, 3, 41
List the prime factors of 484.
2, 11
What are the prime factors of 2350?
2, 5, 47
What are the prime factors of 1429?
1429
What are the prime factors of 29511?
3, 1093
What are the prime factors of 630?
2, 3, 5, 7
List the prime factors of 7537.
7537
What are the prime factors of 4206?
2, 3, 701
List the prime factors of 69708.
2, 3, 37, 157
What are the prime factors of 2678?
2, 13, 103
What are the prime factors of 321?
3, 107
List the prime factors of 263.
263
List the prime factors of 82118.
2, 19, 2161
List the prime factors of 1205.
5, 241
List the prime factors of 8825.
5, 353
What are the prime factors of 20650?
2, 5, 7, 59
What are the prime factors of 812?
2, 7, 29
What are the prime factors of 44932?
2, 47, 239
What are the prime factors of 509?
509
List the prime factors of 124.
2, 31
List the prime factors of 30216.
2, 3, 1259
What are the prime factors of 1401?
3, 467
What are the prime factors of 108417?
3, 71, 509
What are the prime factors of 19141?
19141
What are the prime factors of 8306?
2, 4153
List the prime factors of 72461.
72461
What are the prime factors of 10553?
61, 173
What are the prime factors of 45059?
7, 41, 157
What are the prime factors of 12222?
2, 3, 7, 97
List the prime factors of 12009.
3, 4003
What are the prime factors of 1733?
1733
List the prime factors of 15976.
2, 1997
List the prime factors of 3794.
2, 7, 271
What are the prime factors of 683?
683
List the prime factors of 12691.
7, 37
What are the prime factors of 196?
2, 7
List the prime factors of 604.
2, 151
List the prime factors of 1555.
5, 311
What are the prime factors of 38999?
59, 661
What are the prime factors of 2881?
43, 67
List the prime factors of 1691.
19, 89
What are the prime factors of 19057?
17, 19, 59
List the prime factors of 6405.
3, 5, 7, 61
List the prime factors of 535.
5, 107
List the prime factors of 874.
2, 19, 23
List the prime factors of 144608.
2, 4519
List the prime factors of 1001.
7, 11, 13
What are the prime factors of 44331?
3, 7, 2111
What are the prime factors of 69150?
2, 3, 5, 461
What are the prime factors of 95643?
3, 10627
What are the prime factors of 6731?
53, 127
List the prime factors of 3043.
17, 179
List the prime factors of 62.
2, 31
What are the prime factors of 2265?
3, 5, 151
What are the prime factors of 15381?
3, 1709
List the prime factors of 11030.
2, 5, 1103
List the prime factors of 10861.
10861
What are the prime factors of 4060?
2, 5, 7, 29
What are the prime factors of 4423?
4423
What are the prime factors of 5176?
2, 647
List the prime factors of 152.
2, 19
What are the prime factors of 1550?
2, 5, 31
List the prime factors of 12759.
3, 4253
What are the prime factors of 74597?
74597
List the prime factors of 953.
953
What are the prime factors of 15736?
2, 7, 281
List the prime factors of 2086.
2, 7, 149
What are the prime factors of 900?
2, 3, 5
List the prime factors of 1612.
2, 13, 31
List the prime factors of 6215.
5, 11, 113
What are the prime factors of 6951?
3, 7, 331
List the prime factors of 2035.
5, 11, 37
What are the prime factors of 24594?
2, 3, 4099
List the prime factors of 11741.
59, 199
What are the prime factors of 2133?
3, 79
What are the prime factors of 11896?
2, 1487
What are the prime factors of 2694?
2, 3, 449
What are the prime factors of 70?
2, 5, 7
List the prime factors of 2072.
2, 7, 37
List the prime factors of 9946.
2, 4973
What are the prime factors of 61409?
61409
List the prime factors of 50448.
2, 3, 1051
What are the prime factors of 99?
3, 11
List the prime factors of 6132.
2, 3, 7, 73
List the prime factors of 873.
3, 97
What are the prime factors of 40744?
2, 11, 463
List the prime factors of 167261.
167261
List the prime factors of 23935.
5, 4787
What are the prime factors of 1357?
23, 59
List the prime factors of 43828.
2, 10957
List the prime factors of 4745.
5, 13, 73
What are the prime factors of 5132?
2, 1283
What are th